{"id":5570,"date":"2022-06-12T14:17:11","date_gmt":"2022-06-12T18:17:11","guid":{"rendered":"https:\/\/paju.org\/?post_type=tribe_events&#038;p=5570"},"modified":"2022-06-12T14:22:20","modified_gmt":"2022-06-12T18:22:20","slug":"paju-vigile-vendredi-le-24-juin","status":"publish","type":"tribe_events","link":"https:\/\/paju.org\/fr\/event\/paju-vigile-vendredi-le-24-juin\/","title":{"rendered":"PAJU vigile vendredi le 24 juin"},"content":{"rendered":"<p>PAJU vigile vendredi le 24 juin, F\u00eate nationale, de 13\u00a0:00 \u00e0 14\u00a0:00 \u00e0 la D\u00e9fil\u00e9 stationnaire de la f\u00eate National au coin de St-Dominique et de Maisonneuve devant le M\u00c9TRO SAINT-LAURENT.<\/p>\n","protected":false},"excerpt":{"rendered":"<p>PAJU vigile vendredi le 24 juin, F\u00eate nationale, de 13\u00a0:00 \u00e0 14\u00a0:00 \u00e0 la D\u00e9fil\u00e9 stationnaire de la f\u00eate National au coin de St-Dominique et de Maisonneuve devant le M\u00c9TRO [&hellip;]<\/p>\n","protected":false},"author":3,"featured_media":5479,"template":"","meta":{"_acf_changed":false,"_et_pb_use_builder":"","_et_pb_old_content":"","_et_gb_content_width":"","_tribe_events_status":"","_tribe_events_status_reason":"","footnotes":""},"tags":[],"tribe_events_cat":[90],"class_list":["post-5570","tribe_events","type-tribe_events","status-publish","has-post-thumbnail","hentry","tribe_events_cat-vigile","cat_vigile"],"acf":[],"yoast_head":"<!-- This site is optimized with the Yoast SEO plugin v25.8 - https:\/\/yoast.com\/wordpress\/plugins\/seo\/ -->\n<title>PAJU vigile vendredi le 24 juin - PAJU<\/title>\n<meta name=\"robots\" content=\"index, follow, max-snippet:-1, max-image-preview:large, max-video-preview:-1\" \/>\n<link rel=\"canonical\" href=\"https:\/\/paju.org\/fr\/event\/paju-vigile-vendredi-le-24-juin\/\" \/>\n<meta property=\"og:locale\" content=\"fr_FR\" \/>\n<meta property=\"og:type\" content=\"article\" \/>\n<meta property=\"og:title\" content=\"PAJU vigile vendredi le 24 juin - PAJU\" \/>\n<meta property=\"og:description\" content=\"PAJU vigile vendredi le 24 juin, F\u00eate nationale, de 13\u00a0:00 \u00e0 14\u00a0:00 \u00e0 la D\u00e9fil\u00e9 stationnaire de la f\u00eate National au coin de St-Dominique et de Maisonneuve devant le M\u00c9TRO [&hellip;]\" \/>\n<meta property=\"og:site_name\" content=\"PAJU\" \/>\n<meta property=\"article:publisher\" content=\"https:\/\/www.facebook.com\/pajumontreal\" \/>\n<meta property=\"article:modified_time\" content=\"2022-06-12T18:22:20+00:00\" \/>\n<meta property=\"og:image\" content=\"https:\/\/paju.org\/wp-content\/uploads\/2022\/06\/Vigil.jpg\" \/>\n\t<meta property=\"og:image:width\" content=\"2120\" \/>\n\t<meta property=\"og:image:height\" content=\"1652\" \/>\n\t<meta property=\"og:image:type\" content=\"image\/jpeg\" \/>\n<meta name=\"twitter:card\" content=\"summary_large_image\" \/>\n<script type=\"application\/ld+json\" class=\"yoast-schema-graph\">{\"@context\":\"https:\/\/schema.org\",\"@graph\":[{\"@type\":\"WebPage\",\"@id\":\"https:\/\/paju.org\/fr\/event\/paju-vigile-vendredi-le-24-juin\/\",\"url\":\"https:\/\/paju.org\/fr\/event\/paju-vigile-vendredi-le-24-juin\/\",\"name\":\"PAJU vigile vendredi le 24 juin - PAJU\",\"isPartOf\":{\"@id\":\"https:\/\/paju.org\/fr\/#website\"},\"primaryImageOfPage\":{\"@id\":\"https:\/\/paju.org\/fr\/event\/paju-vigile-vendredi-le-24-juin\/#primaryimage\"},\"image\":{\"@id\":\"https:\/\/paju.org\/fr\/event\/paju-vigile-vendredi-le-24-juin\/#primaryimage\"},\"thumbnailUrl\":\"https:\/\/paju.org\/wp-content\/uploads\/2022\/06\/Vigil.jpg\",\"datePublished\":\"2022-06-12T18:17:11+00:00\",\"dateModified\":\"2022-06-12T18:22:20+00:00\",\"breadcrumb\":{\"@id\":\"https:\/\/paju.org\/fr\/event\/paju-vigile-vendredi-le-24-juin\/#breadcrumb\"},\"inLanguage\":\"fr-FR\",\"potentialAction\":[{\"@type\":\"ReadAction\",\"target\":[\"https:\/\/paju.org\/fr\/event\/paju-vigile-vendredi-le-24-juin\/\"]}]},{\"@type\":\"ImageObject\",\"inLanguage\":\"fr-FR\",\"@id\":\"https:\/\/paju.org\/fr\/event\/paju-vigile-vendredi-le-24-juin\/#primaryimage\",\"url\":\"https:\/\/paju.org\/wp-content\/uploads\/2022\/06\/Vigil.jpg\",\"contentUrl\":\"https:\/\/paju.org\/wp-content\/uploads\/2022\/06\/Vigil.jpg\",\"width\":2120,\"height\":1652},{\"@type\":\"BreadcrumbList\",\"@id\":\"https:\/\/paju.org\/fr\/event\/paju-vigile-vendredi-le-24-juin\/#breadcrumb\",\"itemListElement\":[{\"@type\":\"ListItem\",\"position\":1,\"name\":\"Home\",\"item\":\"https:\/\/paju.org\/fr\/\"},{\"@type\":\"ListItem\",\"position\":2,\"name\":\"\u00c9v\u00e8nements\",\"item\":\"https:\/\/paju.org\/fr\/events\/\"},{\"@type\":\"ListItem\",\"position\":3,\"name\":\"PAJU vigile vendredi le 24 juin\"}]},{\"@type\":\"WebSite\",\"@id\":\"https:\/\/paju.org\/fr\/#website\",\"url\":\"https:\/\/paju.org\/fr\/\",\"name\":\"PAJU\",\"description\":\"\",\"publisher\":{\"@id\":\"https:\/\/paju.org\/fr\/#organization\"},\"potentialAction\":[{\"@type\":\"SearchAction\",\"target\":{\"@type\":\"EntryPoint\",\"urlTemplate\":\"https:\/\/paju.org\/fr\/?s={search_term_string}\"},\"query-input\":{\"@type\":\"PropertyValueSpecification\",\"valueRequired\":true,\"valueName\":\"search_term_string\"}}],\"inLanguage\":\"fr-FR\"},{\"@type\":\"Organization\",\"@id\":\"https:\/\/paju.org\/fr\/#organization\",\"name\":\"Palestinian and Jewish Unity\",\"url\":\"https:\/\/paju.org\/fr\/\",\"logo\":{\"@type\":\"ImageObject\",\"inLanguage\":\"fr-FR\",\"@id\":\"https:\/\/paju.org\/fr\/#\/schema\/logo\/image\/\",\"url\":\"https:\/\/paju.org\/wp-content\/uploads\/PAJU-Logo.png\",\"contentUrl\":\"https:\/\/paju.org\/wp-content\/uploads\/PAJU-Logo.png\",\"width\":696,\"height\":293,\"caption\":\"Palestinian and Jewish Unity\"},\"image\":{\"@id\":\"https:\/\/paju.org\/fr\/#\/schema\/logo\/image\/\"},\"sameAs\":[\"https:\/\/www.facebook.com\/pajumontreal\",\"https:\/\/www.instagram.com\/pajumontreal\/\"]}]}<\/script>\n<!-- \/ Yoast SEO plugin. -->","yoast_head_json":{"title":"PAJU vigile vendredi le 24 juin - PAJU","robots":{"index":"index","follow":"follow","max-snippet":"max-snippet:-1","max-image-preview":"max-image-preview:large","max-video-preview":"max-video-preview:-1"},"canonical":"https:\/\/paju.org\/fr\/event\/paju-vigile-vendredi-le-24-juin\/","og_locale":"fr_FR","og_type":"article","og_title":"PAJU vigile vendredi le 24 juin - PAJU","og_description":"PAJU vigile vendredi le 24 juin, F\u00eate nationale, de 13\u00a0:00 \u00e0 14\u00a0:00 \u00e0 la D\u00e9fil\u00e9 stationnaire de la f\u00eate National au coin de St-Dominique et de Maisonneuve devant le M\u00c9TRO [&hellip;]","og_site_name":"PAJU","article_publisher":"https:\/\/www.facebook.com\/pajumontreal","article_modified_time":"2022-06-12T18:22:20+00:00","og_image":[{"width":2120,"height":1652,"url":"https:\/\/paju.org\/wp-content\/uploads\/2022\/06\/Vigil.jpg","type":"image\/jpeg"}],"twitter_card":"summary_large_image","schema":{"@context":"https:\/\/schema.org","@graph":[{"@type":"WebPage","@id":"https:\/\/paju.org\/fr\/event\/paju-vigile-vendredi-le-24-juin\/","url":"https:\/\/paju.org\/fr\/event\/paju-vigile-vendredi-le-24-juin\/","name":"PAJU vigile vendredi le 24 juin - PAJU","isPartOf":{"@id":"https:\/\/paju.org\/fr\/#website"},"primaryImageOfPage":{"@id":"https:\/\/paju.org\/fr\/event\/paju-vigile-vendredi-le-24-juin\/#primaryimage"},"image":{"@id":"https:\/\/paju.org\/fr\/event\/paju-vigile-vendredi-le-24-juin\/#primaryimage"},"thumbnailUrl":"https:\/\/paju.org\/wp-content\/uploads\/2022\/06\/Vigil.jpg","datePublished":"2022-06-12T18:17:11+00:00","dateModified":"2022-06-12T18:22:20+00:00","breadcrumb":{"@id":"https:\/\/paju.org\/fr\/event\/paju-vigile-vendredi-le-24-juin\/#breadcrumb"},"inLanguage":"fr-FR","potentialAction":[{"@type":"ReadAction","target":["https:\/\/paju.org\/fr\/event\/paju-vigile-vendredi-le-24-juin\/"]}]},{"@type":"ImageObject","inLanguage":"fr-FR","@id":"https:\/\/paju.org\/fr\/event\/paju-vigile-vendredi-le-24-juin\/#primaryimage","url":"https:\/\/paju.org\/wp-content\/uploads\/2022\/06\/Vigil.jpg","contentUrl":"https:\/\/paju.org\/wp-content\/uploads\/2022\/06\/Vigil.jpg","width":2120,"height":1652},{"@type":"BreadcrumbList","@id":"https:\/\/paju.org\/fr\/event\/paju-vigile-vendredi-le-24-juin\/#breadcrumb","itemListElement":[{"@type":"ListItem","position":1,"name":"Home","item":"https:\/\/paju.org\/fr\/"},{"@type":"ListItem","position":2,"name":"\u00c9v\u00e8nements","item":"https:\/\/paju.org\/fr\/events\/"},{"@type":"ListItem","position":3,"name":"PAJU vigile vendredi le 24 juin"}]},{"@type":"WebSite","@id":"https:\/\/paju.org\/fr\/#website","url":"https:\/\/paju.org\/fr\/","name":"PAJU","description":"","publisher":{"@id":"https:\/\/paju.org\/fr\/#organization"},"potentialAction":[{"@type":"SearchAction","target":{"@type":"EntryPoint","urlTemplate":"https:\/\/paju.org\/fr\/?s={search_term_string}"},"query-input":{"@type":"PropertyValueSpecification","valueRequired":true,"valueName":"search_term_string"}}],"inLanguage":"fr-FR"},{"@type":"Organization","@id":"https:\/\/paju.org\/fr\/#organization","name":"Palestinian and Jewish Unity","url":"https:\/\/paju.org\/fr\/","logo":{"@type":"ImageObject","inLanguage":"fr-FR","@id":"https:\/\/paju.org\/fr\/#\/schema\/logo\/image\/","url":"https:\/\/paju.org\/wp-content\/uploads\/PAJU-Logo.png","contentUrl":"https:\/\/paju.org\/wp-content\/uploads\/PAJU-Logo.png","width":696,"height":293,"caption":"Palestinian and Jewish Unity"},"image":{"@id":"https:\/\/paju.org\/fr\/#\/schema\/logo\/image\/"},"sameAs":["https:\/\/www.facebook.com\/pajumontreal","https:\/\/www.instagram.com\/pajumontreal\/"]}]}},"_links":{"self":[{"href":"https:\/\/paju.org\/fr\/wp-json\/wp\/v2\/tribe_events\/5570","targetHints":{"allow":["GET"]}}],"collection":[{"href":"https:\/\/paju.org\/fr\/wp-json\/wp\/v2\/tribe_events"}],"about":[{"href":"https:\/\/paju.org\/fr\/wp-json\/wp\/v2\/types\/tribe_events"}],"author":[{"embeddable":true,"href":"https:\/\/paju.org\/fr\/wp-json\/wp\/v2\/users\/3"}],"version-history":[{"count":2,"href":"https:\/\/paju.org\/fr\/wp-json\/wp\/v2\/tribe_events\/5570\/revisions"}],"predecessor-version":[{"id":5576,"href":"https:\/\/paju.org\/fr\/wp-json\/wp\/v2\/tribe_events\/5570\/revisions\/5576"}],"wp:featuredmedia":[{"embeddable":true,"href":"https:\/\/paju.org\/fr\/wp-json\/wp\/v2\/media\/5479"}],"wp:attachment":[{"href":"https:\/\/paju.org\/fr\/wp-json\/wp\/v2\/media?parent=5570"}],"wp:term":[{"taxonomy":"post_tag","embeddable":true,"href":"https:\/\/paju.org\/fr\/wp-json\/wp\/v2\/tags?post=5570"},{"taxonomy":"tribe_events_cat","embeddable":true,"href":"https:\/\/paju.org\/fr\/wp-json\/wp\/v2\/tribe_events_cat?post=5570"}],"curies":[{"name":"wp","href":"https:\/\/api.w.org\/{rel}","templated":true}]}}

<p>PAJU vigile vendredi le 24 juin, Fête nationale, de 13 :00 à 14 :00 à la Défilé stationnaire de la fête National au coin de St-Dominique et de Maisonneuve devant le MÉTRO SAINT-LAURENT.</p>

<p>PAJU vigile vendredi le 24 juin, Fête nationale, de 13 :00 à 14 :00 à la Défilé stationnaire de la fête National au coin de St-Dominique et de Maisonneuve devant le MÉTRO [&hellip;]</p>

<!-- This site is optimized with the Yoast SEO plugin v25.8 - https://yoast.com/wordpress/plugins/seo/ -->
<title>PAJU vigile vendredi le 24 juin - PAJU</title>
<meta name="robots" content="index, follow, max-snippet:-1, max-image-preview:large, max-video-preview:-1" />
<link rel="canonical" href="https://paju.org/fr/event/paju-vigile-vendredi-le-24-juin/" />
<meta property="og:locale" content="fr_FR" />
<meta property="og:type" content="article" />
<meta property="og:title" content="PAJU vigile vendredi le 24 juin - PAJU" />
<meta property="og:description" content="PAJU vigile vendredi le 24 juin, Fête nationale, de 13 :00 à 14 :00 à la Défilé stationnaire de la fête National au coin de St-Dominique et de Maisonneuve devant le MÉTRO [&hellip;]" />
<meta property="og:site_name" content="PAJU" />
<meta property="article:publisher" content="https://www.facebook.com/pajumontreal" />
<meta property="article:modified_time" content="2022-06-12T18:22:20+00:00" />
<meta property="og:image" content="https://paju.org/wp-content/uploads/2022/06/Vigil.jpg" />
	<meta property="og:image:width" content="2120" />
	<meta property="og:image:height" content="1652" />
	<meta property="og:image:type" content="image/jpeg" />
<meta name="twitter:card" content="summary_large_image" />
<script type="application/ld+json" class="yoast-schema-graph">{"@context":"https://schema.org","@graph":[{"@type":"WebPage","@id":"https://paju.org/fr/event/paju-vigile-vendredi-le-24-juin/","url":"https://paju.org/fr/event/paju-vigile-vendredi-le-24-juin/","name":"PAJU vigile vendredi le 24 juin - PAJU","isPartOf":{"@id":"https://paju.org/fr/#website"},"primaryImageOfPage":{"@id":"https://paju.org/fr/event/paju-vigile-vendredi-le-24-juin/#primaryimage"},"image":{"@id":"https://paju.org/fr/event/paju-vigile-vendredi-le-24-juin/#primaryimage"},"thumbnailUrl":"https://paju.org/wp-content/uploads/2022/06/Vigil.jpg","datePublished":"2022-06-12T18:17:11+00:00","dateModified":"2022-06-12T18:22:20+00:00","breadcrumb":{"@id":"https://paju.org/fr/event/paju-vigile-vendredi-le-24-juin/#breadcrumb"},"inLanguage":"fr-FR","potentialAction":[{"@type":"ReadAction","target":["https://paju.org/fr/event/paju-vigile-vendredi-le-24-juin/"]}]},{"@type":"ImageObject","inLanguage":"fr-FR","@id":"https://paju.org/fr/event/paju-vigile-vendredi-le-24-juin/#primaryimage","url":"https://paju.org/wp-content/uploads/2022/06/Vigil.jpg","contentUrl":"https://paju.org/wp-content/uploads/2022/06/Vigil.jpg","width":2120,"height":1652},{"@type":"BreadcrumbList","@id":"https://paju.org/fr/event/paju-vigile-vendredi-le-24-juin/#breadcrumb","itemListElement":[{"@type":"ListItem","position":1,"name":"Home","item":"https://paju.org/fr/"},{"@type":"ListItem","position":2,"name":"Évènements","item":"https://paju.org/fr/events/"},{"@type":"ListItem","position":3,"name":"PAJU vigile vendredi le 24 juin"}]},{"@type":"WebSite","@id":"https://paju.org/fr/#website","url":"https://paju.org/fr/","name":"PAJU","description":"","publisher":{"@id":"https://paju.org/fr/#organization"},"potentialAction":[{"@type":"SearchAction","target":{"@type":"EntryPoint","urlTemplate":"https://paju.org/fr/?s={search_term_string}"},"query-input":{"@type":"PropertyValueSpecification","valueRequired":true,"valueName":"search_term_string"}}],"inLanguage":"fr-FR"},{"@type":"Organization","@id":"https://paju.org/fr/#organization","name":"Palestinian and Jewish Unity","url":"https://paju.org/fr/","logo":{"@type":"ImageObject","inLanguage":"fr-FR","@id":"https://paju.org/fr/#/schema/logo/image/","url":"https://paju.org/wp-content/uploads/PAJU-Logo.png","contentUrl":"https://paju.org/wp-content/uploads/PAJU-Logo.png","width":696,"height":293,"caption":"Palestinian and Jewish Unity"},"image":{"@id":"https://paju.org/fr/#/schema/logo/image/"},"sameAs":["https://www.facebook.com/pajumontreal","https://www.instagram.com/pajumontreal/"]}]}</script>
<!-- / Yoast SEO plugin. -->

PAJU vigile vendredi le 24 juin, Fête nationale, de 13 :00 à 14 :00 à la Défilé stationnaire de la fête National au coin de St-Dominique et de Maisonneuve devant le MÉTRO [&hellip;]

Évènements
